omposite?
True
Is 245547041 a prime number?
True
Is 1850939 prime?
True
Is 1203247 prime?
False
Is 2116677 composite?
True
Is 244732439 composite?
True
Is 25881901 composite?
True
Is 7409113 a composite number?
False
Is 113458721 a prime number?
True
Is 11478941 composite?
False
Is 1022128651 prime?
True
Is 122707621 prime?
True
Is 1325977 prime?
True
Is 4050281 prime?
True
Is 6394499 composite?
True
Is 1615949 composite?
False
Is 7740529 a prime number?
False
Is 13381 composite?
False
Is 816263887 prime?
True
Is 53183401 a composite number?
False
Is 3299413 a prime number?
False
Is 458063609 a prime number?
False
Is 95162759 a prime number?
True
Is 8587147 a composite number?
False
Is 4215157 composite?
False
Is 51053153 prime?
False
Is 18827117 prime?
False
Is 28855963 a prime number?
True
Is 5930783 a composite number?
True
Is 22792447 prime?
True
Is 2274203 a prime number?
True
Is 1822127 prime?
False
Is 64252913 a composite number?
True
Is 188363249 a composite number?
True
Is 28576999 composite?
True
Is 726031 composite?
True
Is 105535083 composite?
True
Is 1124197 prime?
True
Is 6727453 a prime number?
False
Is 133046281 a prime number?
False
Is 28211377 a prime number?
True
Is 59244349 a prime number?
True
Is 34900331 a composite number?
False
Is 25441981 composite?
True
Is 87083 prime?
True
Is 2431543 a prime number?
True
Is 542449 a composite number?
True
Is 257562449 prime?
False
Is 27840863 composite?
False
Is 38670419 a composite number?
False
Is 1902737 a prime number?
True
Is 3826597 a prime number?
True
Is 5970689 prime?
False
Is 4517651 prime?
True
Is 135781 prime?
True
Is 14882459 composite?
False
Is 179338 a prime number?
False
Is 15419107 a composite number?
True
Is 4032839 a composite number?
False
Is 1070151767 a prime number?
True
Is 172904357 prime?
True
Is 9580931 prime?
False
Is 9001079 prime?
False
Is 9816909 a composite number?
True
Is 351847 composite?
False
Is 88223063 composite?
False
Is 175127507 a prime number?
True
Is 194192447 composite?
False
Is 7609487 prime?
True
Is 44486671 a composite number?
True
Is 8974357 a composite number?
True
Is 12511261 a composite number?
True
Is 2455898 a composite number?
True
Is 245007577 prime?
False
Is 22588147 composite?
False
Is 20432519 a prime number?
False
Is 13282107 composite?
True
Is 37810081 a prime number?
False
Is 53716567 a prime number?
True
Is 66221 composite?
False
Is 1202077 a composite number?
False
Is 104549587 composite?
True
Is 9028321 prime?
False
Is 76911431 composite?
False
Is 523729669 a prime number?
True
Is 536189 prime?
True
Is 2596171 composite?
True
Is 14984283 a composite number?
True
Is 226169 prime?
True
Is 16187399 prime?
True
Is 8105395 a composite number?
True
Is 517753 prime?
False
Is 18953071 composite?
True
Is 48968779 prime?
False
Is 22002809 a prime number?
True
Is 10705823 composite?
False
Is 877189693 composite?
True
Is 6939059 prime?
False
Is 123806147 composite?
True
Is 29857733 composite?
True
Is 245057543 a composite number?
False
Is 26093297 prime?
False
Is 6050981 prime?
False
Is 323343899 a composite number?
False
Is 38586722 prime?
False
Is 41648735 composite?
True
Is 24677963 prime?
True
Is 11549 a composite number?
False
Is 238691671 composite?
True
Is 1288717 prime?
False
Is 205589 a composite number?
False
Is 234119 a prime number?
False
Is 16714189 a prime number?
False
Is 11957111 prime?
True
Is 21123653 a prime number?
True
Is 1911059 composite?
True
Is 1697531 a composite number?
True
Is 9712997 prime?
False
Is 655807 composite?
False
Is 1414373 a composite number?
False
Is 22383133 prime?
False
Is 3495781 prime?
True
Is 147886637 composite?
False
Is 9736429 a prime number?
False
Is 48580921 composite?
False
Is 1519907 a prime number?
True
Is 77597969 a prime number?
True
Is 825791 composite?
False
Is 7297583 a composite number?
False
Is 2983609 a composite number?
True
Is 17159 a prime number?
True
Is 48157069 prime?
True
Is 11625863 a prime number?
True
Is 4511849 a composite number?
True
Is 226585519 a prime number?
True
Is 497957 composite?
False
Is 5544662 a prime number?
False
Is 2465215 a prime number?
False
Is 11362303 a prime number?
False
Is 1133131 composite?
False
Is 21410461 composite?
True
Is 4905935 a composite number?
True
Is 20089759 a composite number?
False
Is 74462237 composite?
True
Is 1936367 a prime number?
False
Is 89566535 a composite number?
True
Is 149823446 a prime number?
False
Is 3128453 a prime number?
True
Is 10885361 composite?
False
Is 192309861 prime?
False
Is 2194488271 a prime number?
True
Is 55416883 prime?
False
Is 77697695 a composite number?
True
Is 5912467 composite?
True
Is 220856795 composite?
True
Is 1580365 a composite number?
True
Is 181674221 prime?
True
Is 17133041 a composite number?
True
Is 1246013 a prime number?
True
Is 1729691 prime?
False
Is 17667291 a prime number?
False
Is 31574 a composite number?
True
Is 15143819 a prime number?
True
Is 7079279 prime?
True
Is 342851 a composite number?
True
Is 4450811 a prime number?
True
Is 8931067 composite?
False
Is 82922491 composite?
True
Is 1586617 a prime number?
True
Is 344025013 a prime number?
False
Is 2922779 composite?
False
Is 2995067 a composite number?
False
Is 46271579 a composite number?
True
Is 75067049 prime?
True
Is 98897909 a prime number?
False
Is 14671549 composite?
False
Is 48894583 composite?
False
Is 449347 prime?
True
Is 10576171 prime?
False
Is 3656671 a composite number?
True
Is 104817 prime?
False
Is 189155 a composite number?
True
Is 48285127 prime?
False
Is 32070721 composite?
True
Is 365639 prime?
True
Is 691462 composite?
True
Is 6520619 a prime number?
False
Is 1754947 a prime number?
False
Is 13623238 a prime number?
False
Is 64448363 composite?
True
Is 307481 composite?
False
Is 7498927 a prime number?
True
Is 4304821 a prime number?
True
Is 6834983 a composite number?
True
Is 15738133 a composite number?
True
Is 3497519 composite?
False
Is 793867 a prime number?
True
Is 33132461 prime?
False
Is 275169103 a composite number?
True
Is 183627755 a composite number?
True
Is 27955 a composite number?
True
Is 200186501 a composite number?
False
Is 678179 prime?
True
Is 32946079 prime?
False
Is 15171077 a prime number?
True
Is 220003787 a composite number?
True
Is 1637077 a prime number?
False
Is 3941713 prime?
False
Is 929488445 composite?
True
Is 14663309 prime?
True
Is 50925307 composite?
False
Is 2604011 composite?
False
Is 14870161 composite?
False
Is 1218731 a composite number?
False
Is 604319 a prime number?
True
Is 151488421 a composite number?
True
Is 1205587 prime?
False
Is 503761147 composite?
True
Is 165119729 prime?
True
Is 847201 a composite number?
False
Is 10274809 a composite number?
False
Is 5315151 prime?
False
Is 185898407 composite?
False
Is 43308679 prime?
True
Is 7092437 composite?
True
Is 227063 prime?
False
Is 7886669 a prime number?
False
Is 2656261 prime?
True
Is 17433137 prime?
True
Is 3795797 a composite number?
False
Is 4112701 a composite number?
False
Is 12847267 a prime number?
True
Is 227366 a composite number?
True
Is 4561261 a composite number?
True
Is 40924859 a prime number?
True
Is 246172787 prime?
False
Is 1126889 prime?
True
Is 8512293 a composite number?
True
Is 3406327 a composite number?
True
Is 360282927 a prime number?
False
Is 9321023 composite?
False
Is 292835171 a composite number?
True
Is 27565271 a prime number?
False
Is 13684961 prime?
True
Is 6062921 prime?
False
Is 273844489 a prime number?
True
Is 3679679 prime?
True
Is 68049139 composite?
True
Is 37149878 a prime number?
False
Is 2974187 a composite number?
False
Is 16788301 prime?
False
Is 448471 prime?
False
Is 569887 composite?
False
Is 227444545 composite?
True
Is 26332673 a prime number?
True
Is 57929 composite?
True
Is 328037 a composite number?
False
Is 611562251 prime?
True
Is 60179 prime?
False
Is 8127259 a composite number?
True
Is 17499842 a prime number?
False
Is 266964883 prime?
True
Is 107021 prime?
True
Is 5454889 a prime number?
False
Is 103739579 a prime number?
False
Is 2767511 a prime number?
True
Is 100089571 prime?
True
Is 661774717 a composite number?
True
Is 840611 a composite number?
False
Is 12333949 a composite number?
True
Is 10237127 prime?
False
Is 863589 pr